igit of 69017?
6
What is the hundreds digit of 626?
6
What is the units digit of 848?
8
What is the thousands digit of 5736?
5
What is the hundreds digit of 4342?
3
What is the hundreds digit of 3703?
7
What is the tens digit of 1908?
0
What is the tens digit of 2893?
9
What is the tens digit of 570?
7
What is the units digit of 3522?
2
What is the units digit of 927?
7
What is the ten thousands digit of 12762?
1
What is the tens digit of 73?
7
What is the units digit of 79636?
6
What is the tens digit of 2306?
0
What is the units digit of 2886?
6
What is the tens digit of 12995?
9
What is the units digit of 2067?
7
What is the units digit of 25996?
6
What is the thousands digit of 6960?
6
What is the tens digit of 31?
3
What is the thousands digit of 1205?
1
What is the tens digit of 1817?
1
What is the tens digit of 40549?
4
What is the ten thousands digit of 16175?
1
What is the units digit of 927?
7
What is the thousands digit of 3005?
3
What is the thousands digit of 2482?
2
What is the hundreds digit of 6107?
1
What is the ten thousands digit of 36357?
3
What is the thousands digit of 2252?
2
What is the ten thousands digit of 13930?
1
What is the units digit of 22726?
6
What is the thousands digit of 50738?
0
What is the units digit of 192?
2
What is the units digit of 14033?
3
What is the tens digit of 90270?
7
What is the thousands digit of 3553?
3
What is the ten thousands digit of 45252?
4
What is the hundreds digit of 1726?
7
What is the units digit of 481?
1
What is the hundreds digit of 868?
8
What is the thousands digit of 6329?
6
What is the hundreds digit of 8907?
9
What is the thousands digit of 2230?
2
What is the thousands digit of 106567?
6
What is the hundreds digit of 1306?
3
What is the units digit of 16951?
1
What is the hundreds digit of 3405?
4
What is the hundreds digit of 1527?
5
What is the ten thousands digit of 23061?
2
What is the units digit of 696?
6
What is the hundreds digit of 115130?
1
What is the hundreds digit of 40152?
1
What is the tens digit of 419?
1
What is the units digit of 53930?
0
What is the units digit of 10582?
2
What is the hundreds digit of 1070?
0
What is the tens digit of 4300?
0
What is the hundreds digit of 2274?
2
What is the thousands digit of 1734?
1
What is the units digit of 3203?
3
What is the tens digit of 24347?
4
What is the thousands digit of 49437?
9
What is the thousands digit of 41351?
1
What is the hundreds digit of 1132?
1
What is the hundreds digit of 1769?
7
What is the units digit of 824?
4
What is the units digit of 186?
6
What is the tens digit of 36386?
8
What is the units digit of 17357?
7
What is the units digit of 47200?
0
What is the hundreds digit of 1371?
3
What is the units digit of 817?
7
What is the hundreds digit of 266?
2
What is the tens digit of 1816?
1
What is the units digit of 22199?
9
What is the units digit of 4331?
1
What is the units digit of 2513?
3
What is the units digit of 461?
1
What is the thousands digit of 93930?
3
What is the tens digit of 1706?
0
What is the tens digit of 9446?
4
What is the thousands digit of 5143?
5
What is the hundreds digit of 624?
6
What is the units digit of 1806?
6
What is the ten thousands digit of 171208?
7
What is the tens digit of 2081?
8
What is the units digit of 278?
8
What is the hundreds digit of 150?
1
What is the thousands digit of 5830?
5
What is the thousands digit of 1504?
1
What is the units digit of 3163?
3
What is the units digit of 1296?
6
What is the hundreds digit of 772?
7
What is the tens digit of 583?
8
What is the hundreds digit of 10552?
5
What is the thousands digit of 1351?
1
What is the units digit of 1462?
2
What is the units digit of 909?
9
What is the thousands digit of 1067?
1
What is the hundreds digit of 5396?
3
What is the units digit of 6502?
2
What is the thousands digit of 11335?
1
What is the hundreds digit of 811?
8
What is the units digit of 8834?
4
What is the hundreds digit of 9253?
2
What is the hundreds digit of 1072?
0
What is the thousands digit of 22956?
2
What is the thousands digit of 37023?
7
What is the tens digit of 4837?
3
What is the tens digit of 701?
0
What is the hundreds digit of 353?
3
What is the units digit of 40278?
8
What is the thousands digit of 2680?
2
What is the ten thousands digit of 19418?
1
What is the units digit of 1275?
5
What is the hundreds digit of 1111?
1
What is the thousands digit of 2168?
2
What is the hundreds digit of 155650?
6
What is the tens digit of 15258?
5
What is the units digit of 5950?
0
What is the ten thousands digit of 71169?
7
What is the hundreds digit of 23533?
5
What is the thousands digit of 8823?
8
What is the thousands digit of 1688?
1
What is the tens digit of 4630?
3
What is the units digit of 57317?
7
What is the units digit of 2180?
0
What is the thousands digit of 44670?
4
What is the tens digit of 28169?
6
What is the thousands digit of 2031?
2
What is the tens digit of 5650?
5
What is the thousands digit of 7195?
7
What is the hundreds digit of 2079?
0
What is the hundreds digit of 22043?
0
What is the thousands digit of 1170?
1
What is the tens digit of 317?
1
What is the hundreds digit of 691?
6
What is the hundreds digit of 1466?
4
What is the hundreds digit of 256?
2
What is the tens digit of 9044?
4
What is the units digit of 4479?
9
What is the thousands digit of 1895?
1
What is the hundreds digit of 1431?
4
What is the hundreds digit of 13690?
6
What is the hundreds digit of 618?
6
What is the units digit of 25492?
2
What is the thousands digit of 1014?
1
What is the units digit of 958?
8
What is the hundreds digit of 1357?
3
What is the units digit of 48?
8
What is the units digit of 2651?
1
What is the units digit of 76070?
0
What is the tens digit of 20138?
3
What is the hundreds digit of 457?
4
What is the hundreds digit of 153?
1
What is the units digit of 1386?
6
What is the units digit of 40117?
7
What is the hundreds digit of 8862?
8
What is the units digit of 34502?
2
What is the units digit of 46826?
6
What is the tens digit of 17688?
8
What is the ten thousands digit of 23617?
2
What is the tens digit of 495?
9
What is the units digit of 570?
0
What is the hundreds digit of 29180?
1
What is the tens digit of 2293?
9
What is the tens digit of 9042?
4
What is the thousands digit of 1148?
1
What is the hundreds digit of 6526?
5
What is the tens digit of 2441?
4
What is the hundreds digit of 46226?
2
What is the hundreds digit of 1286?
2
What is the units digit of 3?
3
What is the tens digit of 1512?
1
What is the tens digit of 38261?
6
What is the ten thousands digit of 18112?
1
What is the units digit of 794?
4
What is the thousands digit of 3320?
3
What is the thousands digit of 3279?
3
What is the units digit of 11280?
0
What is the units digit of 23266?
6
What is the units digit of 3166?
6
What is the hundreds digit of 3668?
6
What is the tens digit of 1204?
0
What is the units digit of 85020?
0
What is the ten thousands digit of 63694?
6
What is the thousands digit of 6868?
6
What is the units digit of 30789?
9
What is the hundreds digit of 48352?
3
What is the hundreds digit of 6262?
2
What is the tens digit of 6919?
1
What is the hundreds digit of 5176?
1
What is the ten thousands digit of 106329?
0
What is the ten thousands digit of 10875?
1
What is the thousands digit of 61160?
1
What is the tens digit of 20?
2
What is the hundreds digit of 2697?
6
What is the units digit of 175?
5
What is the tens digit of 856?
5
What is the hundreds digit of 66871?
8
What is the hundreds digit of 336?
3
What is the hundreds digit of 140889?
8
What is the tens digit of 7091?
9
What is the tens digit of 265?
6
What is the units digit of 3064?
4
What is the thousands digit of 47774?
7
What is the tens digit of 15961?
6
What is the tens digit of 1324?
2
What is the thousands digit of 45070?
5
What is the tens digit of 773?
7
What is the units digit of 1335?
5
What is the ten thousands digit of 118020?
1
What is the hundreds digit of 32280?
2
What is the hundreds digit of 886?
8
What is the hundreds digit of 368?
3
What is the tens digit of 7959?
5
What is the ten thousands digit of 60759?
6
What is the units digit of 1835?
5
What is the tens digit of 662?
6
What is the units digit of 1035?
5
Wh